 31. What is z(1)?
-3
Let j(s) = s**2 + 9*s + 4. Suppose 0 = -0*g - 5*g + 3*h - 37, 5*g + 3*h = -43. What is j(g)?
-4
Suppose 4*i + 8 = -2*w, -14*w = 2*i - 15*w + 12. Suppose 3*n - 4*n = -5*u + 24, -4*u + 2*n = -24. Let y(k) = -2 + u*k**3 - k - 5*k**3 - 5*k**2 - 5*k. Give y(i).
6
Let c(a) = -a**3 + 9*a**2 - 10*a + 4. Suppose -f = 5*n - 32, -4*f + 8*n = 13*n - 113. Suppose 0*s - 12 = -4*s, -3*h - s + f = 0. What is c(h)?
-12
Let x(w) = -w + 23. Let h be x(7). Let c(t) = -1 + 35*t - h*t - 9*t. Calculate c(3).
29
Let w(s) = -s - 8. Suppose 72 = 5*l - 8. Let p = 19 - l. Suppose -2*h = p*h. Determine w(h).
-8
Let a be (-2)/6 + 14/6. Let b(j) = a*j**3 - j**2 + 7*j - 3*j - 3*j - 7*j**3. Give b(1).
-5
Let k(m) = -218 - 12*m**2 + 217 + 88*m - 90*m. Calculate k(-1).
-11
Let j(a) = -9*a + 3. Suppose -5 = 2*o + 2*x + 7, x = -1. Let u(p) = -10*p + 4. Let z(k) = o*j(k) + 4*u(k). Let c = 173 - 171. Calculate z(c).
11
Let t(u) be the third derivative of -u**6/360 - u**5/12 - u**4/8 - 5*u**3/3 - 32*u**2. Let h(b) be the first derivative of t(b). Calculate h(-8).
13
Let b(f) be the first derivative of -1 + 1/4*f**4 + 1/2*f**2 - 1/3*f**3 + 2*f. Let c(v) = -v**2 - 2*v + 3. Let k be c(-3). What is b(k)?
2
Let j(r) = r - 1. Let k(a) = a**2 + 9*a + 4. Let x(u) = 3*j(u) - k(u). Let z = 15 + -22. What is x(z)?
-14
Let k(r) = 0*r**3 - r**3 + 42227*r**2 - 42222*r**2 - 2*r - 4. Determine k(4).
4
Let o(s) be the second derivative of s**4/12 + 5*s**3/6 + 5*s**2/2 + 86*s. Calculate o(-7).
19
Suppose 2 = 4*t - 6. Suppose -t*x = x - 6. Let b(g) = 6 + g - 2 + x - 4. Determine b(5).
7
Let x(v) = 77*v + 170*v - 241*v. What is x(-8)?
-48
Let h(b) = 3*b - 8. Let s be 1 + (4/(-5))/(16/(-160)). What is h(s)?
19
Let f(z) = -z + 1. Let m(o) = 4*o - 8. Let d be m(3). Suppose d*i = 26 - 26. Give f(i).
1
Let m = 2659 + -2655. Let f(j) = -j**3 + 2*j**2 + j + 6. What is f(m)?
-22
Let l(i) be the first derivative of -i**3/3 + 11*i**2/2 - 12*i - 4. Calculate l(9).
6
Let z = 2 + 7. Let j(m) = 4*m + m**2 - 2*m - z + 5. Let g be 10/30*2*-6. Give j(g).
4
Suppose -8 = -3*m + 2*b, 2*b = 2*m - 4*m + 12. Let d(z) = -m*z**2 + 5 - 31*z + 15*z - z**3 - 1 + 19*z. Calculate d(-4).
-8
Let i(g) be the third derivative of 0 + 1/3*g**4 + 0*g**3 + g**2 + 0*g. Let f = -246 + 247. Determine i(f).
8
Let x(h) = 2*h. Let v(w) = 4*w. Let a(n) = n**2 - 9*n + 12. Let l be a(6). Let y(q) = l*v(q) + 13*x(q). Calculate y(-2).
-4
Let n(x) = -5*x**2 - 93*x + 42*x + x**3 + 9 + 44*x. What is n(6)?
3
Let g(n) = -3*n + n + 6*n + 1 + 3*n. Let q(c) = 6*c. Let x(i) = -2*g(i) + 3*q(i). Let t = -2 + 4. Calculate x(t).
6
Let k(u) = -3*u + 6. Let i(j) = j. Let t(w) = 2*i(w) + k(w). Suppose h + 11 = -3*s, -3*s - 23 = -h - h. Give t(h).
2
Let n(w) = -4*w. Suppose 5*m - a = 33, -3*m + 4*a + 30 = -0*m. Suppose 5*p = 3*p + m. What is n(p)?
-12
Let k(x) = x**3 + 5*x**2 - 6*x - 1. Let o = 16 + -13. Suppose o*y + 24 = 6*y. Let w be (9/2)/((-6)/y). Calculate k(w).
-1
Suppose -3*y + 14 + 28 = 0. Suppose -5*a = -m - 4 + 3, -4*m = -2*a - y. Let t(r) = -18*r - 2*r**2 + 0 + 19*r + 12*r**3 + 0. Give t(a).
11
Let y(f) be the first derivative of f**4/4 + f**3 + 2*f**2 + 2*f - 54. Let c = 38 + -40. What is y(c)?
-2
Let r be (-40)/(-15)*3 - 5. Let l(v) = -4*v**2 - r + v**3 + 0*v + v**2 + 0*v**2 + v. What is l(3)?
0
Suppose 4*z - 5*z = 2*a - 3, -a + 5 = z. Let k(q) = q**2 - 7*q - 6. Determine k(z).
-6
Let l be -21 - -23 - (-1 - 1). Let c(u) = -3*u - 5 + 5*u + u. Determine c(l).
7
Suppose -142 = -0*l + 4*l - 5*z, -3*l - 4*z = 91. Let d be (-2)/8 - l/(-12) - -3. Let c(a) = a**3 - a - 3. Determine c(d).
-3
Let n(k) = -2*k**2 + 9*k + 63. Let t(a) = a**2 - 4*a - 36. Let m(g) = -3*n(g) - 7*t(g). Determine m(0).
63
Let g(h) = h**3 - 3*h**2 - 4*h + 6. Suppose a + t = 5, 11 - 4 = 5*a - 4*t. Determine g(a).
-6
Let z(p) = -p**2 - 11*p - 15. Let b(h) = h**3 - 4*h**2 + 3*h - 9. Let g be b(2). Give z(g).
-15
Let k(g) = -30*g**2 + 4*g - 1. Let v(r) = -86*r**2 + 11*r - 3. Let o(j) = -17*k(j) + 6*v(j). Calculate o(-3).
-49
Let k(m) = 1 + m - 5*m + 5*m + m**2 + 0*m - 4*m**2. Determine k(2).
-9
Let t(u) = u**2 - 2*u - 6. Let v be t(0). Let f(w) = -w**3 - 5*w**2 + 6*w + 5. Give f(v).
5
Suppose -4*o = -2*o + 16. Let j be ((-2)/4)/1*o. Let h(f) = f**3 - 2*f + 8*f - 5*f**2 - 18 + 27 - 12. What is h(j)?
5
Let f = 2694 + -2697. Let y(s) = 3*s**2 - 4 - 2*s**2 - s + 2. Calculate y(f).
10
Suppose 5*p = 32 - 7. Suppose 0 = -p*i - 7 + 42. Let s(k) = k**3 - 7*k**2 - k + 6. Calculate s(i).
-1
Suppose 2*v - v = 2. Suppose 0 = -v*k - b - 5, -2*b = 2*k + 8 - 2. Let j be (k + (-6)/(-4))*10. Let f(h) = h - 5. Calculate f(j).
-10
Suppose 15*a = 6*a + 261. Let t = 31 - a. Let x(b) = -b**3 - b + 2. Determine x(t).
-8
Let c(q) = 3*q**2 - 8*q + 2. Let f(t) = 3*t**2 - 6*t + 1. Let x(l) = 3*c(l) - 4*f(l). Give x(-2).
-10
Let f(p) = -10 - 12 + 62*p - 52*p - 34. Let v be f(5). Let i(h) = 0*h**2 - 3 - 5*h**2 + 5*h + 2*h - h**3. Determine i(v).
-9
Let p(u) = 7 + 10*u + 14 - 9 - 3*u**2 + 4*u**2 + 2*u. What is p(-12)?
12
Let a(c) be the third derivative of -c**4/24 - c**3/2 + 3*c**2. Let v(y) = 2. Let q(i) = -3*a(i) - 5*v(i). Determine q(-5).
-16
Let w = 8 + -2. Let a(t) = 3*t - 22. Determine a(w).
-4
Suppose -5*k = -2*z + 46, 3*k + 5*z + 38 = z. Let m(o) = -o**2 - 12*o - 14. Let v be m(k). Let n(i) = -i**2 + 8*i + 4. Calculate n(v).
16
Let q(n) = n**3 - 6*n**2 - 5*n - 10. Suppose 10*y - 5*y + b - 34 = 0, -2*b = -4*y + 30. Determine q(y).
4
Let v(d) = 18*d**2 - d**3 - d**2 - 13*d**2 - 5*d. Calculate v(4).
-20
Let j(x) = 3*x**3 - 6*x**2 - 6*x + 5. Let d be (-2 + (2 - 5/10))*-10. Let w(h) = h**3 - 3*h**2 - 3*h + 2. Let o(n) = d*w(n) - 2*j(n). Give o(-3).
9
Let q be ((-5)/(-2))/(10/12). Let s = -4 + 6. Let g(w) = 0*w**q + 1 - w**s + 0*w**2 - 5*w + 4*w - 2*w**3. What is g(-2)?
15
Let s(y) be the first derivative of 12*y**2 - 11*y**2 + 44*y - 35*y + 21. Calculate s(-7).
-5
Let n(i) = -3*i - 3. Let u be 3/2*(6 + -4). Suppose u*r + x + 13 + 1 = 0, -3*r + x - 10 = 0. Determine n(r).
9
Let x(l) = 6*l + 1. Let p be (1 - -1)*33/22. Suppose -4*i = 4*z + 19 - p, 0 = 4*z - 3*i + 2. What is x(z)?
-11
Let h(j) = j**3 - 10. Let n be h(0). Let l be (-5)/10 + n/4. Let o(m) be the first derivative of m**2/2 - 4*m - 23. What is o(l)?
-7
Suppose 1 + 9 = -2*g. Let m(n) = 4*n - 3. Let r(o) be the third derivative of -5*o**4/24 + o**3/2 + 2*o**2. Let v(z) = -6*m(z) - 5*r(z). Give v(g).
-2
Let i(d) = -3*d**2 + 5*d + 9. Let j = -1822 + 1827. Give i(j).
-41
Let t(c) be the third derivative of c**6/120 - c**5/12 + c**4/8 + c**3/3 + 21*c**2 + c. Suppose -2*i + 4*o - 3 = 5, 5*i = 5*o. What is t(i)?
-2
Let j = 1684 + -1693. Let y(a) = -a - 6. Determine y(j).
3
Suppose z + 0*z + 2 = 0. Let o(a) = a**2 - a - 1. Let w be o(z). Suppose 0 = -r + 4*h - 18, w*r - 6 + 32 = 4*h. Let j(x) = 2*x**2 + x - 2. Give j(r).
4
Let c(d) = -d**3 + 34*d**2 - 31*d - 62. Let g be c(33). Let b(f) = f + 1. Let y(z) = 5*z + 2. Suppose -a - 4 = -2*a. Let l(j) = a*b(j) - y(j). Calculate l(g).
-2
Let p be (8/(4/(-2)))/2. Suppose -l - 2 = 1. Let g(o) = -4*o**2 + 3*o - 1. Let s(m) = 3*m**2 - 2*m + 1. Let r(u) = l*s(u) - 2*g(u). What is r(p)?
-5
Let k = -420 + 415. Let p(n) = -n - 3. Determine p(k).
2
Let z(p) = 8 + 26*p + 20 + 2 - 28*p + 4*p. What is z(-15)?
0
Let i(s) = 4*s. Let c be i(-1). Let n(r) be the first derivative of -r**4/4 - r**3 + 5*r**2/2 + 80. Determine n(c).
-4
Let n(q) = q**3 - q**2 + 2*q - 9. Let l(k) = 3*k**3 - 2*k**2 + 6*k - 26. Let p(i) = 6*l(i) - 17*n(i). Suppose 0 = -m - 4. Calculate p(m).
5
Let o(n) = -4*n**2 + 3*n + 3. Suppose -f - 4 = -b - 12, 0 = 4*f - b - 23. Let u(t) = 3*t**2 - 4*t - 3. Let l(m) = f*u(m) + 4*o(m). Calculate l(-7).
4
Let m(w) = w**3 + 5*w**2 - 9*w - 8. Suppose y + 10 = -8. Suppose -h - 11 = 13. Let k = h - y. Calculate m(k).
10
Suppose -3*j = 3*u + 66, -4 - 2 = j - 3*u. Let t = 23 + j. Let z(l) = 0 - 5*l + 3*l**2 - 4 - l**2 - l**2. Determine z(t).
-4
Let y(l) = l**3 - 2. Let v(n) = n**3 + 4*n**2 - 3. Let m be v(-4). Suppose 4*t + j = 2*j + 10, -2*t + 14 = -5*j. Let x be m/(-6) - t/4. Calculate y(x).
-2
Let u(f) = 2*f**3 - f**2. Suppose 3 = 3*a - 3. Let r = a - -3. Suppose -3*k = -1 - r. Give u(k).
12
Let k = 3 - -12. Suppose 56*z - k = 59*z. Let n(v) = -v - 3. What is n(z)?
2
Let c(z) = 3*z + 5. Let m(r) = -10*r -